ird derivative of -p**6/30 - p**5/60 + p**4/24 - p**3/6 - 9*p**2. What are the prime factors of d(-2)?
5
Suppose -3*k + 0*k = 4*p - 5298, 2*p + 2*k - 2650 = 0. List the prime factors of p.
3, 7
Suppose 6*s - 6840 = -14*s. What are the prime factors of 5 - 2 - (1 - s)?
2, 43
Suppose -11*u + 552 = -394. What are the prime factors of u?
2, 43
Let v = -3616 + 5221. What are the prime factors of v?
3, 5, 107
Let g = -42 - -46. What are the prime factors of 155/g - 5/(-20)?
3, 13
Suppose -x = -3*o + o + 10, -o = -x - 5. Suppose 3*f - 120 = -f - 2*s, f + 5*s - 48 = x. What are the prime factors of f?
2, 7
Let j be (9/(-18))/((-3)/(-54)). List the prime factors of 84/j*6*51/(-12).
2, 7, 17
Let r = -48 + 87. Let m be (-111)/r - 2/13. List the prime factors of m/2*608/(-24).
2, 19
Let a = -4 - -503. What are the prime factors of a?
499
Let j be 6 - (1 + 2) - 3. Let r be (-2 + j - -2)/2. What are the prime factors of (9 + -3)/2 - r?
3
Let s be 51/(-4) + 3/(-12). Let m = s - -15. Suppose -2*k + 2*q + 18 = 0, -m*q - 33 = -3*k + 3*q. List the prime factors of k.
2, 3
Let y(r) = 46*r**3 - 3*r**2 - 3*r. Let g be y(-2). Let l = -207 - g. What are the prime factors of l?
167
Let h(p) be the second derivative of p**4/3 - 5*p**3/3 - 3*p**2 + 7*p. Let x be h(8). Suppose 2*c = 7*c - x. List the prime factors of c.
2, 17
Let y = 35 + -31. Let m be -7 - -4 - (-2 - y). Suppose -3*j = 2*j + 2*f - 254, -m*j + 154 = 2*f. What are the prime factors of j?
2, 5
Suppose -5*j + 4*j = 4*n - 705, 4*n + 1422 = 2*j. What are the prime factors of j?
709
Let t(h) = -3*h**2 + 3*h - 6. Let y(a) = a**2 + a + 1. Let i(j) = -t(j) + y(j). What are the prime factors of i(5)?
97
List the prime factors of (-27078)/(-16) - (-93)/(-248).
2, 3, 47
Suppose 3*d = -5*z + 115 + 277, 5*z = 2*d + 372. What are the prime factors of z?
2, 19
Let f(t) = -3*t**2 - 20*t + 11. Let g(h) = h**2 + 10*h - 5. Let u(p) = -2*f(p) - 5*g(p). Let x = 9 + 2. What are the prime factors of u(x)?
2, 7
Suppose 7*f - 1453 - 1193 = 0. List the prime factors of f.
2, 3, 7
Let z(p) = 472*p**2 + 2*p + 1. Let g be z(-1). List the prime factors of ((-24)/8)/((-9)/g).
157
Let y = -774 + 1138. List the prime factors of y.
2, 7, 13
Let t be 6/(-3 - 2 - -4). Let p = t + 9. Suppose 0 = -3*x + 2*x + p, 4*x - 144 = -3*q. List the prime factors of q.
2, 11
Let i = -63 - -89. Suppose 21*x = i*x - 535. What are the prime factors of x?
107
Suppose -21*q + 1501 + 6080 = 0. List the prime factors of q.
19
Suppose -2*v - 2*v - 12 = 0. List the prime factors of 51 - v*(-4)/(-6).
53
Suppose 25 = -5*h, x - 4*h - h = 42. Let a(v) = 27*v + 29. Let u be a(-1). Suppose 2*c + 29 = t, -u*t - c + x = -t. What are the prime factors of t?
3, 7
Suppose 30*x = 26*x - 32. Let d be (21/6)/(2/12). List the prime factors of d/12 - 2/x.
2
Let x(f) = -62*f - 76. List the prime factors of x(-5).
2, 3, 13
Suppose 7*r - 24*r + 7225 = 0. List the prime factors of r.
5, 17
Let j(b) = b**3 + b**2. Let p(x) = -x**3 + 7*x**2 - 2*x + 3. Let h(y) = 4*j(y) - p(y). Let o(z) = 2*z + 36. Let a be o(-17). What are the prime factors of h(a)?
29
Suppose 0*y - 2*y + 10 = 0. Suppose 5*i = y*r + 3065, -1007 - 1436 = 4*r - i. What are the prime factors of r/(-15) - 2/(-6)?
41
Let q be 4/(-7) + 464/28 + -7. Suppose 3*b + q*b - 72 = 0. List the prime factors of b.
2, 3
Let h = 30 - 27. Let a be 0 - 2/3*-6. Suppose -s - 4 = 4*m - h, 6 = 2*s + a*m. List the prime factors of s.
7
List the prime factors of ((-10)/(-30))/(3 + (-8962)/2988).
2, 3, 83
Suppose -2*w + s - 4*s = -3, -3*w = -2*s - 11. Suppose w*f - 6*f = -135. List the prime factors of 4/10 + 1242/f.
2, 7
Let j = -94 + 219. Suppose -v = 4*m + j, -m + 2*v + 100 = -4*m. Let q = m + 65. List the prime factors of q.
5, 7
Suppose 4 = a + 2. Suppose -a*y + 141 = 49. What are the prime factors of y?
2, 23
Let c(p) = -p**3 + 9*p**2 + 8*p + 22. Let k be c(10). Suppose -7*q = -k*q - 415. List the prime factors of q.
83
Let g be ((0 - -1) + 0)/(11/55). Suppose 5*d = -q + 103, -g*q + 2*d - d = -463. List the prime factors of q.
3, 31
Let x(s) = 2*s**2 + 23*s - 268. What are the prime factors of x(9)?
101
Let q = 277 - 143. Let w = q - -20. List the prime factors of w.
2, 7, 11
Let q(o) = o**3 - 7*o**2 + 2*o - 5. Let j = 0 - -3. Suppose 6*m - 21 = j*m. List the prime factors of q(m).
3
Suppose 6*o + 735 = 11*o. Let j = o - 104. List the prime factors of j.
43
List the prime factors of (-164 - -143)*(0 + 1 - 48).
3, 7, 47
Let c(r) = 3*r - 53. Let w(o) = -o - 13. Let f be w(-10). Let j(a) = -a + 18. Let v(n) = f*c(n) - 8*j(n). List the prime factors of v(10).
5
Let b be (0 - 1) + 23 + -1. Let p = b - 16. What are the prime factors of 2/(-5) + 137/p?
3
Let q = 2580 + -1537. What are the prime factors of q?
7, 149
Suppose v = 5*k - 23 - 31, 4*v = 4*k - 40. Suppose -363 = -k*g + 572. List the prime factors of g.
5, 17
Let t(o) = 8*o + 119. Let v(d) = d**2 + 2*d - 8. Let j be v(-4). List the prime factors of t(j).
7, 17
Let t = 14 + -10. Let p = 3 + 113. List the prime factors of 1*p/t*1.
29
Let q = -3229 - -5333. What are the prime factors of q?
2, 263
Let n(i) = i**3 - 5*i**2 + 4*i + 1. Let m be n(6). Let z = 80 - m. What are the prime factors of z?
19
Suppose -3*v + 14 = -13. Let j(i) = -i**3 + 7*i**2 - 5*i + 7. Let r be j(6). List the prime factors of (v*1)/(r/13).
3
Suppose -818 = -2*d - 4*i, 3*d + 5*i - 300 = 932. List the prime factors of d.
419
Suppose -69*x + 74*x = 625. List the prime factors of x.
5
Let b(t) = -11*t - 1. Let d be b(-1). Suppose 0 = 7*o - 2*o - d. Suppose -5*q = -15, -z + o*q = q - 7. List the prime factors of z.
2, 5
Let y(x) = 4*x + 12. Let m be y(-2). Suppose 3*i - 308 = -m*t, 0*i + 4*i = 3*t + 394. List the prime factors of i.
2, 5
Let a(p) be the first derivative of 7*p**3/3 + 3*p**2 - 10*p + 2. Let l be a(4). Suppose -t + l = 2*t. List the prime factors of t.
2, 3, 7
Let d = 20 - 28. Suppose 0*r + 4*r + 4*y = 152, -3*r = 4*y - 118. Let s = d + r. What are the prime factors of s?
2, 13
Suppose 2*j + 3*k + 6 = j, 0 = j - 5*k - 26. Let o(b) = b**2 - j*b + b - 5 + b**2. List the prime factors of o(-4).
47
Let u(t) = -t**3 - 32*t**2 - 6*t + 39. List the prime factors of u(-32).
3, 7, 11
Suppose 3*b - 206 = 544. Suppose -2*g + b = -7*g. What are the prime factors of (g/(-15))/((-2)/(-6))?
2, 5
Suppose 0*y = 8*y. Suppose -564 = -3*h - y*h. List the prime factors of h.
2, 47
Suppose 0*m - 11 = 3*m + 2*l, -3*l + 6 = 0. Let i = m + 14. Suppose 5 + 0 = b + r, 0 = 3*r - i. What are the prime factors of b?
2
Let t = 270 + 44. What are the prime factors of t?
2, 157
Let d be (-33)/(-4) + (-10)/40. Let p(f) = -f**2 + 9*f + 6. Let x be p(d). Suppose -3*q + x + 37 = 0. List the prime factors of q.
17
Let g be (0 + 168)*(-27)/(-18). Suppose -2*z + 46 = -y - g, -2*z - 3*y + 282 = 0. List the prime factors of z.
3, 7
Let z = -2 + 7. Suppose 0 = -z*y - 158 + 583. What are the prime factors of y?
5, 17
Let x be (189/(-108))/(2/(-8)). Suppose 4*r = -2*c + 78, -5*r + x*c = 3*c - 91. What are the prime factors of r?
19
Suppose -t + 565 - 121 = 0. List the prime factors of t.
2, 3, 37
Let v = 46 + -51. What are the prime factors of (16/v)/(-5 + (-1196)/(-240))?
2, 3
Let z(k) = -3*k**3 - 56*k**2 + 15*k + 103. List the prime factors of z(-20).
23, 61
Suppose -82*f = -94*f + 17532. What are the prime factors of f?
3, 487
Suppose -3*l - 920 = -2*m - 124, -2*l + 1608 = 4*m. What are the prime factors of m?
401
Suppose -70976 = -62*s + 56248. What are the prime factors of s?
2, 3, 19
Suppose -58*q = -51576 - 37338. List the prime factors of q.
3, 7, 73
Suppose 4*w - 5 - 14 = -5*v, -2*v = -5*w - 1. Suppose -v*p - 108 = -5*p. What are the prime factors of p?
2, 3
Suppose -i = -3*i + 26. Let h(t) = t**3 - 13*t**2 - 2*t - 13. Let m be h(i). Let l = m - -64. List the prime factors of l.
5
Let t = 597 - 255. List the prime factors of (2*1)/(9/t).
2, 19
Let q(n) = -4*n - 6. Let b(y) = 8*y + 11. Let a(s) = -4*b(s) - 7*q(s). Let z be ((-1)/(-1) - 3) + -1. List the prime factors of a(z).
2, 5
Suppose -2*j = 5*q - 0*q - 43, -2*q = 2*j - 16. Let v(p) = p**3 - 10*p**2 + 9*p - 8. Let s be v(q). Let k = s + 11. What are the prime factors of k?
3
Let p = 120 - 146. Let h(b) = -b**3 - 25*b**2 + 14*b - 40. What are the prime factors of h(p)?
2, 17
What are 